est common divisor of 112 and h?
14
Let a = -7077 - -7080. Let x be 8/5*(-15)/(-2). What is the greatest common factor of a and x?
3
Let m be (-2)/(-5)*5 + 510. Let r = m - 761. Let w = r + 501. Calculate the highest common factor of w and 28.
28
Let x(b) be the second derivative of b**4/3 + 5*b**3/3 + 7*b**2 + 27*b. Let o be x(-7). Let c = 8 + 27. Calculate the greatest common factor of c and o.
35
Suppose 3*o = -v - 2*v + 216, -141 = -2*v - 3*o. What is the greatest common factor of 120 and v?
15
Let m = 627 - 267. What is the highest common factor of 30 and m?
30
Let o = -27 - -21. Let b be ((-7)/(21/(-22)))/(o/(-63)). Calculate the greatest common factor of b and 11.
11
Let n be (-250)/(-15)*3/1. Suppose 0 = -4*p + s + 66, -70 = -4*p + 3*s - 0*s. Suppose n = r - p. What is the greatest common divisor of r and 6?
6
Let s = 66 + -32. Let h = s - -92. Let z(x) = 19*x**2 - x. Let c be z(1). Calculate the highest common divisor of c and h.
18
Suppose -11*o + 685 = 2544. Let w = o - -189. What is the greatest common divisor of w and 20?
20
Let x be (3/(-6) + 2)*(-204)/18. Let r(a) = a**2 + 15*a - 19. Let w be r(x). Calculate the greatest common divisor of w and 15.
15
Let u be (-1)/((-2)/(-3) + -1). Let f(c) = c**2 + 8*c + 6. Let v be f(-8). Suppose 0 = 11*j - v*j - 105. Calculate the greatest common divisor of j and u.
3
Suppose -5*r = 4*t - 2969, -2*r + 1795 = r - t. Suppose 3*c - 597 = -3*j, 5*j + 235 + r = 4*c. What is the highest common factor of 29 and c?
29
Let z = 0 + -1. Let v(l) = l**2 + 9*l + 14. Let o be v(-7). Let c be 4 + o + z/1. Calculate the highest common factor of 6 and c.
3
Let m(x) = 0*x**2 + 0*x**2 + 17 + 2*x**2 + 15. Let c be m(6). Calculate the greatest common divisor of c and 13.
13
Let s be 2*(10 + -6 - -45). What is the greatest common factor of s and 21?
7
Let i be 1608/10 - (-30)/25. Calculate the highest common factor of 18 and i.
18
Let i be (-6)/4*8/(-6). Suppose i*t = 6*t + 5*v + 13, 2*v = -4*t + 2. Let p(c) = 8*c**2. Let j be p(t). What is the greatest common divisor of j and 12?
12
Let d = 33 + -30. Suppose 2*t + 5*h - 12 = 0, 10*t - d*h + 1 = 5*t. What is the greatest common factor of t and 1?
1
Let r = 257 - 182. Let x = r - 37. Let v = 93 - x. Calculate the greatest common divisor of 11 and v.
11
Let k = 54 + -47. Suppose -y + k = -13. Calculate the highest common factor of y and 60.
20
Suppose 0*c - 4*c = -224. Suppose 0 = 4*m + 16, -3*m = -4*u - 5 + 45. What is the highest common factor of c and u?
7
Suppose 4*d - 4*h = 32, -2*d = -3*d - 2*h - 4. Suppose 3*c - d*n + 3*n = 240, 3*c - 2*n - 240 = 0. Calculate the greatest common factor of c and 10.
10
Let d = 36 + -34. Let g be 12/3 + 3 - (1 + d). Calculate the highest common divisor of g and 12.
4
Suppose 0 = -4*u - 20 + 4. Let x = 5 + u. What is the greatest common divisor of x and 8?
1
Suppose -5*k - 138 = 3*z, -4*k + 92 = -2*z - 3*k. Let j be (-6)/30 + z/(-5). Calculate the highest common factor of j and 6.
3
Suppose -m = -5*m - 2*b + 3064, 2*m = 2*b + 1538. Calculate the greatest common factor of m and 59.
59
Suppose -153 = -4*u + u. Suppose 32*o - 102 = 29*o. Calculate the greatest common factor of o and u.
17
Let r(w) = 110*w - 36. Let v be r(3). What is the highest common divisor of v and 84?
42
Suppose 3*y - 75 = -3*h, 0*y + 55 = 2*y + h. What is the highest common factor of y and 135?
15
Let b(h) = -3*h + 109. Let d be b(-15). What is the greatest common divisor of 22 and d?
22
Suppose 10 + 14 = 3*g. Suppose 0*w = 8*w - 16. Calculate the greatest common divisor of g and w.
2
Let w be 2*3 + (29 - 17). What is the greatest common factor of 432 and w?
18
Let g(w) = 3*w + 3. Let d be g(-1). Suppose -2*r + 292 = -s - s, -4*r - 5*s + 620 = d. What is the highest common factor of r and 25?
25
Let b = -12 + 0. Let q be (-3 + 0)/(b/(-80)). Let o = 37 + q. What is the greatest common divisor of o and 17?
17
Let d be (-2)/((-1)/3*(-3)/(-10)). Let o(g) = 10*g**2 - 2*g - 4. Let u be o(3). What is the greatest common factor of u and d?
20
Suppose 2*q - 19 = 31. What is the greatest common divisor of q and 200?
25
Suppose 34*v - 29*v = 50. Let y = 2 + v. Let j = y - 1. Calculate the greatest common divisor of j and 77.
11
Let j = -66 - 33. Let c be 3/(-6) - j/2. Let h = 6 + 1. Calculate the greatest common factor of h and c.
7
Let s be (12 + 4 + -7)*45. Calculate the greatest common divisor of s and 15.
15
Suppose 0 = -7*b + 83 + 50. What is the greatest common divisor of 2 and b?
1
Let m = 93 + 11. What is the highest common factor of 78 and m?
26
Let g(t) = -8*t - 16. Let b be g(-7). What is the greatest common factor of b and 60?
20
Let q(u) = u**2 + u - 9. Let i(m) = -m**2 + 9. Let f(p) = 3*i(p) + 2*q(p). Let d be f(-5). Let l = -13 - d. What is the highest common factor of l and 26?
13
Let r(i) = 16*i + 1. Let y be r(1). Let q = -811 + 896. What is the greatest common factor of q and y?
17
Let o be -7 + 81/12 + (-42)/(-8). Suppose -o*w = -49 - 1. What is the greatest common divisor of w and 15?
5
Let c be (-112)/(-2)*672/392. What is the greatest common factor of 384 and c?
96
Suppose -3*a = -5*h - 102, -4*h + 6*h + 189 = 5*a. Suppose 6*n - 51*n = -585. Calculate the highest common divisor of a and n.
13
Let v be 186/(-8)*((-4)/12 + -13). What is the greatest common divisor of v and 10?
10
Let k(j) = 9*j**2 + 7*j - 24. Let y be k(2). What is the highest common factor of 16 and y?
2
Suppose 0 = 8*y - 301 - 283. What is the highest common factor of 146 and y?
73
Let g be (-11)/((-110)/3400) + (-4 - 1). What is the greatest common factor of g and 5?
5
Let p(k) = -28*k - 24*k - 23*k + 82*k - 3. Let x be p(4). What is the highest common factor of x and 100?
25
Let g(v) = 7*v**2. Suppose 2*p - 5*c = 3*p - 32, -4*p + 56 = 2*c. Let b be 9/p + 5/20. Let u be g(b). Calculate the greatest common factor of 77 and u.
7
Suppose 1760 = 2*u + 582. Calculate the greatest common factor of 31 and u.
31
Let k = -1348 - -1448. What is the greatest common divisor of 100 and k?
100
Suppose 5*c = -4*a + 84, 3*c + 20 = -3*a + 5*a. Let o be (232/(-40) + 9)*30. What is the highest common factor of a and o?
16
Suppose 4*u - 2*u - 12 = 0. Let w = 14246 + -14242. Calculate the greatest common factor of w and u.
2
Suppose 5*y + 35 = 5*f, 4*f - 4 = -y + 14. Suppose -f*j = -0*j - 360. What is the highest common divisor of j and 24?
24
Suppose -10 + 34 = -4*c. Let v be 0 - -14 - (-6 - c). Suppose -v - 14 = -4*o. Calculate the greatest common factor of o and 35.
7
Let k(i) = -77*i**3 - 1. Let s be k(1). Let n = s + 166. Calculate the highest common divisor of 11 and n.
11
Suppose 0 = y - 39 - 52. What is the greatest common factor of y and 52?
13
Suppose 346 + 1259 = 15*z. Calculate the greatest common divisor of 749 and z.
107
Let g(p) = -p**3 + 15*p**2 + 19*p + 18. Let u be g(14). Calculate the highest common divisor of u and 15.
15
Let j(b) = 52*b - 242. Let l be j(5). What is the greatest common factor of l and 102?
6
Let d(c) = c**3 - 8*c**2 - 1. Let y be d(8). Let v = 3 + y. Suppose 3*f = 6, 126 = v*u - 2*f - 80. Calculate the highest common divisor of u and 15.
15
Let y = 12 - -30. Let r = -17 + y. Suppose 2*h - 388 = -378. What is the greatest common factor of r and h?
5
Let i(c) = 1 + c**3 + 3 + 4 + 1 + 2*c + 4*c**2. Let h be i(-4). What is the highest common divisor of h and 7?
1
Let c = 907 - 563. Suppose -s + 2*t + 74 = -0*s, 3*t - c = -5*s. What is the highest common divisor of s and 14?
14
Let m(d) = 2*d**2 - 40*d + 28. Let a be m(24). What is the greatest common factor of a and 160?
20
Let b = -141 + 69. Let y = -39 - b. Suppose -2 = -2*g + 4. What is the greatest common divisor of y and g?
3
Suppose 6*y - 20 = 8*y. Let g be (-930)/(-150) + 2/y. What is the greatest common factor of g and 54?
6
Let q = -131 + 237. Let r = -58 + q. What is the greatest common factor of 6 and r?
6
Let o = 21 + -14. Let s(x) = 3*x**2 - 21*x + 13. Let t be s(o). Let h(q) = q**2 - q + 1. Let p be h(4). Calculate the greatest common divisor of p and t.
13
Suppose -5*h - 3568 = -8783. Calculate the highest common divisor of h and 14.
7
Let q = -30 - -32. Suppose -69 = -5*w + q*w. Let s(f) = 2*f**2 - 6*f + 7. Let h be s(-6). What is the greatest common divisor of w and h?
23
Let i(n) = -37*n + 49.